et p be l(4). Let i be 10*((-49)/42 + 10/6). Calculate the highest common factor of p and i.
5
Suppose 10 = 4*r - 6. Suppose -5*m + 4*w + 84 = 0, 3*w = 2*m - w - 36. What is the greatest common divisor of r and m?
4
Suppose 0 = -f - f + 12. Let i = 46 - 31. What is the greatest common factor of i and f?
3
Suppose 0 = 3*r + 2*k, 0 = -4*r - 5*k - 4 - 3. Suppose 204 = 4*q - u, -u - r = -6. Calculate the highest common factor of q and 13.
13
Suppose -3*h = -2*o + 226, 4*h = -3*o + 5*o - 228. Let r = o + -70. Let g = 20 + -10. What is the greatest common divisor of r and g?
10
Suppose 6 = 2*d - 3*f, -2*f - 8 = -4*f. Let n(k) = 3*k**2 + 11*k - 5. Let c = -17 - -9. Let b be n(c). What is the greatest common factor of b and d?
9
Let d(z) = z - 5. Let i be d(-7). Let h = 3 - i. Calculate the highest common factor of 3 and h.
3
Let j(s) = s**3 + s**2 - s - 1. Let m be j(-1). Suppose 0 = t - 1 - 1. Let z be (t + -29)*-3 + m. What is the greatest common factor of z and 9?
9
Suppose -5*w + 4 = -46. Suppose 5*k = -h + 15, 0 = k + 4*h + 17 - 1. What is the greatest common factor of k and w?
2
Suppose 12*v - 2237 - 451 = 0. What is the greatest common factor of 14 and v?
14
Let p(a) = -a**3 - 16*a**2 - 5*a + 10. Let m be p(-16). What is the greatest common factor of 30 and m?
30
Suppose 4*i + 22 = -6. Let t(b) = b**3 + 6*b**2 - 5*b. Let j be t(i). Let x be j/49 + (-44)/(-7). What is the greatest common divisor of x and 54?
6
Let h(p) = 2*p**2 + 1. Let w be h(-3). Suppose -121 = -4*r + 107. Calculate the highest common divisor of w and r.
19
Let q = 17 + -16. What is the highest common factor of 1 and q?
1
Let i = 16 - -2. Calculate the greatest common divisor of i and 12.
6
Let l = -126 - -222. Calculate the greatest common factor of 12 and l.
12
Let z(r) = -r**2 - 2*r + 3. Let p be z(-3). Let c be (p - 6/(-3)) + 6. Calculate the greatest common divisor of c and 1.
1
Let r(s) be the second derivative of -121*s**3/6 - s**2 + s. Let c be r(-2). Suppose -2*k + 6*k - c = 0. Calculate the highest common divisor of k and 15.
15
Let b be 2/(1 + (-3)/6). Let g = b - -14. Suppose -3*l + l = -g. Calculate the greatest common divisor of 27 and l.
9
Let s = -46 + 74. Calculate the highest common divisor of s and 84.
28
Suppose -4*o = -3*o + 10. Let l = o - -21. What is the highest common factor of 11 and l?
11
Suppose 4*p - 48 = 4*s, -4*p = -3*p - 3*s - 20. Suppose 5*j = p*j - 3. Calculate the greatest common divisor of 3 and j.
1
Let k = 23 + -33. Let n = k + 18. What is the highest common factor of 56 and n?
8
Let y = 17 - 19. Let s(c) = -3*c**3 + 3*c**2 + c - 2. Let v be s(y). Calculate the highest common divisor of 4 and v.
4
Suppose 5*h = 5*p - p - 28, 2*p - 16 = 2*h. Suppose 1 + 9 = 2*y. Suppose -10 = -y*j + 470. What is the greatest common factor of p and j?
12
Suppose 3*p - 19 = 2*p. Let q be (76/(-10))/(1/(-10)). What is the greatest common factor of p and q?
19
Suppose 39 = h - 29. What is the greatest common divisor of h and 102?
34
Suppose x = 2*x - 16. Let y(a) = a**2 - 4. Let i be y(3). Let g(k) = k**2 - 3*k + 6. Let q be g(i). Calculate the greatest common divisor of q and x.
16
Let t = 39 + -9. Suppose 42 = 3*j - t. What is the highest common factor of 192 and j?
24
Let a = -2 + 4. Suppose -a*h = -4*i - 412, 3*h - i - i - 606 = 0. Calculate the greatest common factor of h and 25.
25
Suppose -r - 4*r + 2*u + 450 = 0, -435 = -5*r - u. Suppose 5*h + 34 = 89. What is the highest common divisor of h and r?
11
Let l be (-41)/(-1) + -1 + -1. What is the greatest common factor of l and 3?
3
Let d(b) = 0*b - b**2 - 2 + 0 - 2*b - 3*b. Let z be d(-4). Calculate the highest common factor of 8 and z.
2
Let k(q) = 5*q - 5. Let c(u) = 6*u - 6. Let x(w) = 3*c(w) - 4*k(w). Let o be x(-2). What is the highest common factor of o and 66?
6
Let o(c) = -5*c + 6. Let b be o(-6). Let d(i) = -10*i - 1. Let g be d(-1). What is the greatest common divisor of b and g?
9
Let l be (2 + -2)/(-1) + 3. Let m = l + 2. Calculate the highest common divisor of m and 10.
5
Let f = 109 + -87. Calculate the greatest common divisor of f and 33.
11
Let h = -16 + 21. Suppose 9*g - h*g = 24. Calculate the highest common divisor of 42 and g.
6
Let z = -8 - 0. Let x = z - -14. Calculate the greatest common divisor of x and 42.
6
Let a(l) = -l - 6. Let z be a(-5). Let h be (z/2)/(3/(-72)). Calculate the greatest common factor of 132 and h.
12
Let a = -13 - -24. Calculate the highest common divisor of a and 44.
11
Suppose 0*d + 2*d = 4. Suppose -3*a = -2 + 5, 5*a + 45 = 5*l. Suppose 0 = 3*g + 4*u - 66 + l, 5*g + u = 108. Calculate the greatest common factor of g and d.
2
Let m(j) = 8*j**3 - 2*j**2 - j + 2. Let p be m(1). Calculate the greatest common factor of p and 1.
1
Let s = 10 + -9. Let c be s/(-4*(-4)/48). Suppose 10 + 14 = 2*a. Calculate the highest common divisor of a and c.
3
Let s be (-3 - -6)*19 - 3. Let c be 2/(-7) - s/(-42). Calculate the highest common factor of 1 and c.
1
Suppose 5*a = -3*w + 4*a + 77, -5*w = -5*a - 135. What is the highest common factor of w and 65?
13
Suppose -3*b = 2*b - 15. Suppose s + 30 = b*s. Let o(t) = 9*t + 3. Let n be o(3). Calculate the highest common divisor of n and s.
15
Let g = 28 + 485. Suppose 3*d + 123 = g. What is the greatest common divisor of d and 26?
26
Suppose 0 = s - 3*s - 4*u + 14, 0 = -s - 3*u + 11. Let j(c) = -12*c**3 + c**2 + c. Let d be j(s). Calculate the greatest common factor of d and 8.
4
Let v be (-1)/(-5) - (-72)/15. Suppose -v*s = -0*s - 25. Let i(h) = h**2 - 5*h + 5. Let k be i(4). What is the highest common factor of k and s?
1
Suppose m + 28 = 3*m. Suppose o - 21 - 77 = 0. Calculate the highest common factor of m and o.
14
Let f be 0 - 1 - -4*1. Let y be (-3958)/(-10) - f/(-15). Suppose 0 = 5*l + 2*b - y + 100, -2*b = 4. What is the highest common divisor of 12 and l?
12
Let g(h) = -71*h + 1. Let p be g(-1). Calculate the greatest common divisor of 9 and p.
9
Suppose -g - 10 = 2*p, 2*g + 7 = -2*p - 7. Let a be p/(-12) + 74/(-8). Let v be -10*(a/6 + 0). Calculate the greatest common divisor of 15 and v.
15
Suppose 2*o + o + b = 35, 2*o = 4*b. What is the greatest common factor of 130 and o?
10
Let s = 20 + -12. Let o be 1/2 + (-52)/s. Let h = 4 - o. Calculate the greatest common factor of 30 and h.
10
Let j be 2*2/4*25. Suppose 0 = -4*u + 2*f + 34, -3*u - 6*f + 42 = -2*f. What is the greatest common divisor of u and j?
5
Suppose 0*d - 70 = 5*d. Let w be 6/(-4)*420/d. What is the greatest common factor of w and 18?
9
Let h = -49 + 69. Calculate the highest common factor of h and 20.
20
Let i = 12 + -7. Let a be (-1 + -19)*i/(-10). Suppose -4*z = -8 - 32. Calculate the greatest common factor of z and a.
10
Let r = 56 + -34. What is the highest common divisor of r and 44?
22
Let b be ((-9)/2 - -2)*-34. What is the greatest common factor of 34 and b?
17
Suppose 3*t - 2 - 4 = 0. Suppose -v + 4*q = 2*v + 5, t*q - 30 = -4*v. Let g be (2*-9)/(3 - v). What is the highest common divisor of g and 72?
9
Let h = 1 - -11. Let j be 742/49 - (-1)/(-7). Let s = j - -9. Calculate the highest common divisor of h and s.
12
Let n be 1/(-2)*-2*2. Let i be (18/24)/(n/40). What is the greatest common divisor of 5 and i?
5
Suppose 0*r - r - 75 = 0. Let h = 163 + r. What is the greatest common factor of h and 8?
8
Suppose 3*l + 460 = 8*l. Calculate the greatest common factor of l and 23.
23
Suppose f - 9 = 4. Let j = 22 - f. Calculate the greatest common factor of j and 6.
3
Suppose -q = 4*q - 70. What is the highest common factor of 7 and q?
7
Let r = -1 - -1. Suppose 2*q = -2*c + 116, r = q - 0*c + 5*c - 50. Calculate the highest common divisor of q and 24.
12
Let y(j) = -4 - 2 + 4 - 3*j. Let m be y(-4). Suppose -s = 3*g - 92, 2*s - 73 = g + 83. Calculate the highest common factor of s and m.
10
Let s(i) = -i + 33. Let h be s(18). Calculate the greatest common factor of h and 15.
15
Let u be (-4)/(-2)*35/2. Suppose -5*x = 5*k + u, -3*k + 3 - 14 = x. Let v be k/5 - 2248/(-20). Calculate the highest common divisor of 16 and v.
16
Let p be ((-2)/(-6))/(5/15). Calculate the greatest common factor of p and 5.
1
Suppose -6 - 9 = 4*d - 5*b, -5*d - 5*b - 75 = 0. Let k = 11 - 16. Let p = k - d. Calculate the highest common factor of p and 40.
5
Let y be (-450)